.
382
Let v(a) = a**3 + a**2 - 1186*a + 125. What is v(-35)?
-15
Let z(k) = -54*k - 123. Determine z(6).
-447
Let z(d) = 17*d + 163. Give z(-9).
10
Let r(v) = v**3 + 3*v**2 + 105*v + 204. Give r(-2).
-2
Let y(l) = 2*l**3 + 98*l**2 + 96*l - 1. Determine y(-48).
-1
Let h(i) = 23*i + 385. What is h(-5)?
270
Let n(s) = -5*s**2 - 12*s + 60. Give n(-5).
-5
Let f(g) = -g**2 + 27*g + 30. Give f(28).
2
Let c(x) = x**3 - 7*x**2 - 111*x + 58. Determine c(-8).
-14
Let d(m) = m**3 + 5*m**2 - 18*m + 27. What is d(-9)?
-135
Let k(y) = y**2 + 12*y - 313. What is k(-25)?
12
Let h(i) = 299*i - 1479. Give h(5).
16
Let y(k) = -k**2 + 867*k + 1737. Determine y(-2).
-1
Let i(y) = 67*y + 4933. Determine i(-74).
-25
Let w(n) = -n**3 + 8*n**2 - 8*n + 16. What is w(6)?
40
Let m(c) = -84*c - 506. What is m(-6)?
-2
Let i(f) = 224*f + 14587. Give i(-65).
27
Let r(w) = -73*w - 803. What is r(-10)?
-73
Let u(r) = 4*r**3 + 17*r**2 + 11*r - 12. Determine u(-4).
-40
Let q(j) = j**3 + j**2 + j + 29. Determine q(0).
29
Let b(u) = 2*u**3 + 46*u**2 - 44*u + 101. What is b(-24)?
5
Let f(z) = -4*z**3 + 11*z**2 - 20*z + 54. What is f(3)?
-15
Let w(m) = m**3 - 34*m**2 + 288*m - 35. What is w(15)?
10
Let m(t) = -102*t - 739. What is m(-7)?
-25
Let j(b) = 7*b**2 - 5*b. What is j(-4)?
132
Let i(p) = -8*p**3 - p**2 + 13*p - 17. What is i(3)?
-203
Let k(m) = m**2 + 1081*m - 4345. Determine k(4).
-5
Let g(q) = 141*q - 3805. What is g(27)?
2
Let n(k) = -8166*k - 57164. Calculate n(-7).
-2
Let u(g) = -31*g + 10. Calculate u(-2).
72
Let i(c) = 7*c + 658. Calculate i(-35).
413
Let o(h) = -6*h + 185. Calculate o(17).
83
Let n(d) = -290*d - 86. What is n(-3)?
784
Let o(y) = -y**2 + 83*y + 235. What is o(-3)?
-23
Let t(b) = b**3 + 17*b**2 - 41*b + 35. What is t(-19)?
92
Let m(h) = -h + 103. Determine m(-16).
119
Let b(a) = -2*a**3 + 44*a**2 - 255*a + 158. Give b(10).
8
Let o(j) = -4*j**2 + 86*j - 196. Give o(19).
-6
Let k(h) = -2*h**3 + 3*h**2 + 38*h - 8. Give k(0).
-8
Let w(l) = 4*l**2 - 17*l + 205. What is w(8)?
325
Let w(r) = 9*r**2 + 534*r - 12534. Give w(18).
-6
Let f(a) = 2*a**2 + 1129*a + 7805. Determine f(-7).
0
Let s(i) = 165*i**2 + 968*i - 132. Calculate s(-6).
0
Let q(i) = -4*i**2 + 37*i + 65. Determine q(11).
-12
Let b(y) = 4*y**2 + 13*y + 4. What is b(9)?
445
Let d(j) = -4*j**2 - 240*j - 73. Determine d(-58).
391
Let m(l) = 2*l**3 + 79*l**2 + 42*l - 8. What is m(-39)?
-125
Let s(r) = 249*r + 514. What is s(-2)?
16
Let p(y) = 2*y**3 + 61*y**2 - 55*y - 730. What is p(-31)?
14
Let f(p) = p**2 + 7*p - 343. What is f(-24)?
65
Let d(f) = -104*f - 4340. Give d(-43).
132
Let o(c) = 4*c**2 - 40*c - 17. What is o(8)?
-81
Let w(n) = -n**3 + 2*n**2 - 2*n - 49. Give w(8).
-449
Let z(h) = 3*h**3 + 207*h**2 - 2*h - 158. Calculate z(-69).
-20
Let p(x) = -45*x - 608. What is p(-13)?
-23
Let b(o) = -o**3 - 24*o**2 - 80. Give b(-24).
-80
Let d(b) = -b**3 + 18*b**2 + 8*b - 57. Calculate d(18).
87
Let t(z) = -3*z**3 + 187*z**2 - 57*z - 313. Give t(62).
-3
Let l(n) = -n**3 + 17*n**2 - n + 1. Calculate l(5).
296
Let y(t) = 436*t + 2567. Give y(-6).
-49
Let w(f) = -548*f**3 + 34*f**2 - 35*f. Calculate w(1).
-549
Let k(n) = 71*n**2 + 1422*n + 35. Determine k(-20).
-5
Let t(s) = -s**3 - 21*s**2 - 19*s + 37. Give t(-20).
17
Let t(h) = -h**2 - 50*h + 1402. Calculate t(20).
2
Let u(h) = -1798*h + 44940. Calculate u(25).
-10
Let x(y) = -5*y**2 - y + 40. What is x(7)?
-212
Let t(h) = -10*h - 14. Calculate t(-5).
36
Let t(h) = -67*h - 212. Calculate t(-3).
-11
Let s(k) = k**3 + 5*k**2 + 29*k - 18. What is s(8)?
1046
Let r(t) = 2*t**2 - 31*t - 13. What is r(0)?
-13
Let x(b) = -b + 16. Determine x(-10).
26
Let i(k) = -5*k**3 + 15*k**2 - 80*k + 3. Determine i(6).
-1017
Let t(f) = -8*f**2 - 676*f - 327. Give t(-84).
9
Let g(p) = 12*p**2 - 87*p - 73. Give g(8).
-1
Let c(p) = p**2 - 14*p - 7. What is c(15)?
8
Let n(l) = l**2 + 14*l - 112. Calculate n(19).
515
Let d(m) = 286*m - 3019. What is d(11)?
127
Let p(a) = a**2 - 65*a - 33. Give p(65).
-33
Let k(x) = -2*x**2 + 28*x - 132. Determine k(8).
-36
Let k(z) = 6*z**2 + 9*z - 24. Determine k(2).
18
Let r(p) = -1066*p + 2810. Calculate r(3).
-388
Let w(i) = 852*i + 11918. Calculate w(-14).
-10
Let r(d) = -d**3 - 46*d**2 - 479*d - 34. Calculate r(-16).
-50
Let u(g) = 1472*g - 33867. Determine u(23).
-11
Let b(w) = -w**2 - 28*w + 57. What is b(-28)?
57
Let m(g) = g**2 + 241*g + 2748. Determine m(-12).
0
Let t(s) = -s**3 - 16*s**2 - 33*s + 203. Give t(-14).
273
Let x(n) = 2*n**2 - 192*n + 745. Calculate x(92).
9
Let s(b) = -b**3 - 2*b**2 + 14*b - 4. What is s(-5)?
1
Let v(l) = -l**3 + 104*l**2 - 1927*l + 160. Determine v(24).
-8
Let h(j) = j**2 + 100*j - 13629. What is h(77)?
0
Let f(l) = -51*l - 506. Give f(-12).
106
Let x(r) = r**2 + 42*r - 390. Determine x(-48).
-102
Let s(v) = -v**3 + 116*v**2 - 120*v + 104. Determine s(115).
-471
Let s(f) = 6*f**3 + 185*f**2 - 32*f - 39. Calculate s(-31).
-8
Let n(s) = 448*s + 3145. Calculate n(-7).
9
Let j(y) = -15*y**3 + 103*y**2 + 16*y - 19. What is j(7)?
-5
Let h(v) = 3*v**2 - 234*v + 881. What is h(75)?
206
Let z(l) = l**3 + 80*l**2 + 84*l + 365. Calculate z(-79).
-30
Let t(y) = -22276*y + 111380. Calculate t(5).
0
Let l(h) = -33*h - 273. Determine l(-8).
-9
Let g(t) = -t**2 + 130*t + 1870. What is g(-13)?
11
Let j(q) = 2*q**2 + 68*q + 558. What is j(-20)?
-2
Let i(n) = n**2 - 1130*n - 4543. Give i(-4).
-7
Let r(m) = 2*m**2 + 52*m + 67. Determine r(-20).
-173
Let m(q) = -q**3 + 8*q**2 + 11*q - 11. Give m(7).
115
Let t(r) = 11*r**2 - 3*r - 6. Give t(-2).
44
Let s(f) = 103*f - 2220. Give s(21).
-57
Let q(v) = v**3 + 8*v**2 - 84*v - 672. What is q(-9)?
3
Let n(k) = k**2 + 147*k + 1847. Give n(-14).
-15
Let i(z) = 2*z**2 - 21*z + 93. Give i(13).
158
Let p(z) = z**2 + 263*z - 13841. What is p(-308)?
19
Let b(r) = -3*r**3 - r**2 + 8*r + 2. Calculate b(3).
-64
Let w(v) = v**2 - 64*v - 1029. Determine w(-11).
-204
Let f(t) = 2*t**2 - 27*t - 572. Calculate f(25).
3
Let l(i) = 7*i**3 + 23*i**2 - 195*i - 93. Give l(-7).
-2
Let l(j) = 2*j**3 - 184*j**2 + 537*j - 195. What is l(89)?
72
Let g(r) = 86*r - 4644. Calculate g(54).
0
Let r(c) = 83*c**3 - c**2 - 4*c - 2. Give r(-1).
-82
Let i(v) = -5*v**2 - 17*v - 91. Give i(-6).
-169
Let x(m) = m**3 - 28*m**2 - 273*m + 7598. What is x(28)?
-46
Let r(f) = -77*f - 2396. Determine r(-30).
-86
Let j(m) = m**3 - 10*m**2 - 2*m - 48. Calculate j(6).
-204
Let n(x) = 288*x - 10371. Give n(36).
-3
Let m(f) = f**3 + 89*f**2 + 339*f - 136. Give m(-85).
-51
Let w(g) = 2*g - 25. Calculate w(6).
-13
Let i(d) = -116*d + 1507. Calculate i(13).
-1
Let l(k) = -857*k + 5151. Determine l(6).
9
Let p(g) = 10588*g - 31758. Calculate p(3).
6
Let l(z) = -98*z + 4813. Determine l(49).
11
Let r(z) = -z**3 + 76*z**2 - 1385*z - 444. What is r(45)?
6
Let f(d) = 2*d**3 - 98*d**2 + 281*d - 257. Determine f(46).
-27
Let p(d) = -12*d**2 + 402*d - 199. What is p(33)?
-1
Let i(y) = -y**3 - 21*y**2 - 24*y + 292. What is i(-19)?
26
Let l(t) = t**2 - 38*t + 359. Give l(24).
23
Let a(h) = h**2 + 42*h + 526. What is a(-16)?
110
Let m(k) = 30*k**2 - 7*k - 63. Determine m(-2).
71
Let i(d) = -d**2 - 74*d - 608. Calculate i(-9).
-23
Let i(g) = 48*g - 135. Calculate i(3).
9
Let g(v) = 536*v - 570. Calculate g(1).
-34
Let s(d) = -20*d**2 + 7*d + 17. Determine s(-4).
-331
Let k(r) = -274*r - 3482. Calculate k(-13).
80
Let l(x) = -x**2 + 60*x + 1287. What is l(77)?
-22
Let f(l) = -l**3 - 33*l**2 + 9*l - 206. Calculate f(-34).
644
Let t(w) = -88*w**2 - 6*w + 7. What is t(1)?
-87
Let p(z) = -z**2 - 134*z - 2640. Give p(-27).
249
Let i(v) = v**3 + 21*v**2 - 46*v - 967. What is i(-21)?
-1
Let n(q) = 18*q - 98. Calculate n(11).
100
Let b(i) = 5*i**2 + 315*i + 611. Calculate b(-61).
1
Let m(y) = 3*y**3 - 53*y**2 - 15*y + 33. Calculate m(18).
87
Let r(o) = 608*o - 611. Determine r(1).
-3
Let k(o) = 31*o - 1044. Calculate k(36).
72
Let s(h) = -151*h - 4692. What is s(-31)?
-11
Let m(c) = c**2 - 5*c - 115. Calculate m(9).
-79
Let d(c) = 4895*c - 44048. Give d(9).
7
Let o(n) = -n**2 - 14*n + 357. Give o(13).
6
Let w(n) = n**2 + 9*n - 26. Determine w(-4).
-46
Let f(x) = -76*x - 2129. What is f(-28)?
-1
Let h(z) = -75*z + 2434. What is h(34)?
-116
Let k(c) = 46*c**3 - c**2 + 1. Determine k(1).
46
Let t(h) = h**3 + 8*h**2 + 116*h + 1275. Calculate t(-10).
-85